 g be (36/(-15) - a)*-10. Suppose -h + 3 = -g. What is the units digit of h?
7
What is the hundreds digit of (13 + -97)*6/(-4)?
1
Suppose 4*a - 104 = -5*c + 56, 0 = -a. What is the tens digit of c?
3
Let u(k) = 92*k + 6. What is the units digit of u(2)?
0
Let d be 2*-1*(-3)/6. Let g be (d - -1)*(-6)/(-4). Suppose 5 = 4*n - g*n. What is the units digit of n?
5
Suppose m = 3*p - 13, -5*p + 5 = m - 6. Suppose 0 = p*q - 9 - 9. What is the units digit of q?
6
Suppose 84 = 6*j - 2*j. What is the units digit of j?
1
Let q = 63 + -26. What is the tens digit of q?
3
Let n be 40/(-12)*18/(-5). Suppose 4 + n = 4*a. Suppose y - a*l - 20 = 0, -y - 3*l + 16 = -6*l. What is the units digit of y?
4
Let v = -5 - -5. Let k = 2 + v. Suppose 4*l + k = 6*l. What is the units digit of l?
1
Let u = 77 + -63. What is the units digit of u?
4
Let m(i) = -i**3 - 8*i**2 - 10*i - 6. Let h be m(-7). Suppose -3*a = -4*y - h, 2*a + 2*y = -3*y - 13. What is the units digit of a?
1
Let a(y) = y + 10. Let v be 4*1*14/(-8). What is the units digit of a(v)?
3
Let a(v) = 3*v + 5 + 0*v - v - 9. Let m be a(-3). What is the units digit of (-8)/m*(-5)/(-2)?
2
Let u be -16 + -1 - (-4 + 2). Let k be (-250)/u - 2/3. Suppose 5*a - k = a. What is the units digit of a?
4
Let x be (-18)/6 - (-12 - 0). Suppose 4*j = x*j - 10. Suppose 17 = 3*q - j*q. What is the tens digit of q?
1
What is the tens digit of 7/4 + -1 + (-10323)/(-124)?
8
Suppose 0*k = s - k - 11, -4*k - 53 = -5*s. Let g = 1 - s. Let h(f) = -f - 4. What is the units digit of h(g)?
4
Let s = 2 + -2. Suppose -2*r = s, -2*b = -0*b + 2*r + 2. What is the units digit of (13 + 0 - b)/2?
7
Let f(l) = l**2 - 5*l + 1. Suppose 0 = -3*t - 10 - 8. Let m be f(t). Let c = m - 48. What is the units digit of c?
9
What is the tens digit of 7/(7/30) - -4?
3
Let l = 328 - 178. What is the tens digit of l?
5
Suppose -5*i = -0*i. Suppose 5*t - 30 - 30 = i. Suppose -2*d + 4 = -t. What is the units digit of d?
8
Let t(s) be the third derivative of -s**4/8 - s**3 - 2*s**2. What is the units digit of t(-7)?
5
Let l be 154/3 - (-4)/6. Suppose 3*u = 7*u - l. What is the units digit of u?
3
Let c(a) = -3*a + 9. What is the units digit of c(-9)?
6
Let d(f) = 12*f - 11. Let a(g) = -g + 1. Let k(w) = -44*a(w) - 4*d(w). What is the tens digit of k(-3)?
1
Let s = -4 + 25. Let u = 16 + s. What is the units digit of u?
7
Let g = 4 - 0. Suppose -g = -5*i + 36. What is the units digit of i?
8
Let n(r) = -7*r**3 + 11*r**2 + 6*r + 5. Let k(x) = -15*x**3 + 23*x**2 + 13*x + 10. Let d(i) = -6*k(i) + 13*n(i). What is the tens digit of d(4)?
2
Suppose 2*c = -0*c + 6. Suppose a - c*z = 6*a - 112, 2*a - 50 = 4*z. What is the tens digit of a?
2
Suppose m = 2*r, 3*m = -2*r + m. Suppose a = -r*g - g + 14, 32 = 4*g - 2*a. What is the tens digit of g?
1
Let y(r) = r**3 - 10*r**2 + 12. Let l be y(10). Let o = l - 7. What is the units digit of o?
5
What is the tens digit of -460*(-1)/3*6/4?
3
Let p = 91 - -9. What is the units digit of p?
0
Let p = -32 + 45. Suppose 5*q - 7 = p. What is the units digit of q?
4
Let g be (-5 - -7)/(2/(-1)). Suppose -2*q + 6*q = 8. What is the units digit of (q/(-3))/(g/9)?
6
Let d(q) = q**3 - q**2 + 4*q - 5. What is the units digit of d(4)?
9
Let g(c) = c - 1. Let p be g(0). What is the units digit of 9/18*(1 - p)?
1
Let s(d) = 3 - d + 12 - d + d. Suppose 3*z = -q + 15, -2*z + 5 = 2*q - z. What is the units digit of s(q)?
5
Let r(j) = -j**3 + 3*j**2 + 6*j - 4. Let l be r(4). Let b = -3 + l. What is the units digit of b?
1
Let g = 2 - -2. Suppose -d - 2*h = 3, d - g*d + 7 = 2*h. What is the units digit of d?
5
What is the hundreds digit of (-6588)/(-30) + 2/5?
2
What is the units digit of (0 - -1)*(-282)/(-6)?
7
Suppose -2*h = 10, 3*a - h - 829 = -2*h. What is the hundreds digit of a?
2
Let s = -56 + 110. What is the tens digit of s?
5
Suppose 0 = -h + 2 - 0. What is the tens digit of (h + -3)/(1/(-15))?
1
Suppose -o - 112 = -365. What is the units digit of o?
3
Let p be 117 + (-3)/(-1 + 0). Suppose 3*r - p = -3*a, -3*r = 3*a - r - 119. What is the tens digit of a?
3
Let v be (-106)/(-22) + (-8)/(-44). Suppose 0*a = -v*a + 100. Let m = a + -11. What is the units digit of m?
9
Let u(q) = -2*q - 4. Let m be u(-3). Let s(y) = 243*y - 1. Let v be s(m). What is the tens digit of (-4)/(-18) + v/45?
1
Let x = 37 + -74. What is the units digit of (-2)/6 - x/3?
2
Let g be -1 - (-1)/(-1)*-10. Let f(x) = -7 + 5*x + g + 12 - 4*x. What is the units digit of f(-9)?
5
Let l(w) = w**3 + 10*w**2 + 3*w - 12. What is the units digit of l(-9)?
2
Let o(p) = -p**2 + 4*p - 9. Let f be o(7). Let j = -18 - f. What is the tens digit of j?
1
Suppose 13*w = 12*w + 13. What is the tens digit of w?
1
Let h = 11 - 12. Let t(p) = p + 1. Let s(z) = -14*z + 1. Let b(g) = h*s(g) - 2*t(g). What is the tens digit of b(2)?
2
Let f(k) = k + 9. Let c be f(-8). Let q be (0/c + 2)*1. Let l = q + 1. What is the units digit of l?
3
Suppose 0 = -33*a + 32*a + 151. What is the hundreds digit of a?
1
Let c be (1/(-1))/(2/16). What is the tens digit of -4*(102/c + 2)?
4
Suppose -4*r + 2*v = -2, r - 1 = 4*r - 2*v. Suppose -4*k + 12 = -r*k. What is the tens digit of k?
1
Suppose 13*l = -l + 2856. What is the tens digit of l?
0
Suppose 2*r - 6*r - 28 = 0. Let k = r + 3. What is the units digit of (-1)/k - (-155)/20?
8
Suppose -h = -3*h - 3*s + 63, 0 = 3*h + 3*s - 99. Let z = -19 + h. Suppose -z = v - 3*v - 3*r, -4*v - 11 = -3*r. What is the units digit of v?
1
Let s = -8 + 11. Let p be (0/(-1) + 0)/(-1). Suppose p = 3*y + s*k, y + 6*k - k + 20 = 0. What is the units digit of y?
5
Suppose 679 - 269 = 10*j. What is the units digit of j?
1
What is the hundreds digit of 12/(-42) + (-1962)/(-7)?
2
Let z = 4 - 9. Let h be (-3)/(((-10)/(-4))/z). Suppose -h = -k - 0*k. What is the units digit of k?
6
Let c(h) = h**3 + 3*h**2 + h + 3. Let t be c(-3). Suppose t = 3*m - 6*m + 57. What is the units digit of m?
9
Suppose -2*v = 3*v + 15. Let x(b) = b**3 + b**2 - 4*b. Let p be x(v). What is the units digit of (8/p)/(1/(-3))?
4
Let c(z) = z**3 + 6*z**2 - 2*z + 4. Let p = -7 + 1. What is the units digit of c(p)?
6
Let v = -5 - -1. Let q = 2 - v. What is the units digit of (3/(-9))/((-2)/q)?
1
Let f(j) = 4*j - 5. Let r(y) = 5*y - 6. Let b(d) = -6*f(d) + 5*r(d). Let h be b(5). What is the units digit of (1 - -11) + (3 - h)?
0
Suppose 3*p + 10 = p. Let s(a) = a**3 + 6*a**2 + 7*a + 4. Let q be s(p). What is the units digit of ((-4)/q)/(1/3)?
2
Suppose 2*g - 10 = -0. What is the units digit of g?
5
Let h = -17 + 9. What is the tens digit of (-2)/4*(h - 36)?
2
Suppose p - 3 = -3*r, -5*p - 9 - 6 = 0. What is the units digit of r?
2
Let u = 10 + -8. Suppose 0 = u*h - 6*h + 48. What is the units digit of h?
2
Suppose 2*r + 6 = q, -5*r - 7 = -3*q + 8. Let z(k) = 8*k. Let a(u) = -7*u - 1. Let b(o) = -7*a(o) - 6*z(o). What is the units digit of b(q)?
7
Let y(m) = 179*m**2 - 2*m + 2. What is the tens digit of y(1)?
7
What is the units digit of 21 - (72/34 + 6/(-51))?
9
Let v(t) = 4*t**3 + 2*t**2 - 7*t + 8. What is the tens digit of v(3)?
1
What is the tens digit of 309*(-4)/(-24) - 1/(-2)?
5
Let y(h) = -h**3 + 3*h**2 - 3*h - 1. What is the units digit of y(-3)?
2
Suppose y - 28 - 24 = 0. What is the tens digit of y?
5
What is the units digit of (4/(-10))/((-4)/300)?
0
Let p be (-9)/(-12) + 39/12. Let o = p + -1. Suppose 2*c + 30 = o*f - 0*c, 2*c - 20 = -2*f. What is the units digit of f?
0
Let x be (2/(-3))/((-6)/9). Suppose 0 = -4*f - 5*k - x, 3*f + 5*k + 2 = -0*f. What is the units digit of f + 0 + (1 - -5)?
7
Suppose -u + 18 = 2*u. What is the tens digit of ((-40)/(-6))/(u/9)?
1
Let u(n) = 34*n**2 + n. Let t = 4 + -5. Let b be u(t). Suppose 9 = -3*j + b. What is the units digit of j?
8
Suppose -5*j - 3*m = -7*m - 938, 0 = -j - 4*m + 178. What is the units digit of j?
6
Suppose 0 = 6*u - 264 - 348. What is the hundreds digit of u?
1
Suppose -g = -0*g. Suppose -3*c + g*c = -24. What is the units digit of c?
8
Suppose f - 2*v = 4*f - 48, -5*f - v + 73 = 0. Let x = f - 5. What is the units digit of x?
9
Let p be (10/4)/((-3)/(-6)). Suppose 4*h + 7*i - 2*i = 251, -3*i = 3. Suppose 14 = -p*q + h. What is the tens digit of q?
1
Let d = 560 + -392. What is the hundreds digit of d?
1
Let p(j) = 2*j**2 + j + 1. Let z be p(-1). Supp